{"id":1952,"date":"2021-10-15T16:07:53","date_gmt":"2021-10-15T14:07:53","guid":{"rendered":"http:\/\/www.rvcgutenberg.de\/home\/?page_id=1952"},"modified":"2024-10-09T10:10:13","modified_gmt":"2024-10-09T08:10:13","slug":"satzung","status":"publish","type":"page","link":"https:\/\/www.rvcgutenberg.de\/home\/satzung\/","title":{"rendered":"Satzung"},"content":{"rendered":"\n<p>Liebe Interessierte,<\/p>\n\n\n\n<p>die Satzung des Vereins (Stand: 25.05.2016) steht f\u00fcr Euch hier zum Download bereit.<\/p>\n\n\n\n<p class=\"has-bright-blue-color has-text-color has-link-color wp-elements-a3c8a581ab56eb9c8f422b3864261b66\"><a href=\"https:\/\/www.rvcgutenberg.de\/home\/wp-content\/uploads\/2020\/07\/Satzung-aktuell-vom-25.05.2016.pdf\">Satzung RVC Gutenberg<\/a><\/p>\n\n\n\n<h3 class=\"wp-block-heading\">Unsere Ziele:<\/h3>\n\n\n\n<ul class=\"wp-block-list\">\n<li><strong>F\u00f6rderung des Reit- und Fahrsports in allen Disziplinen<\/strong><\/li>\n\n\n\n<li><strong>F\u00f6rderung der Jugend im Bereich des Leistungs- und Breitensports<\/strong><\/li>\n\n\n\n<li><strong>F\u00f6rderung des Reitens in der freien Landschaft zur Erholung im Rahmen des Breitensports. F\u00f6rderung der Ziele des Umweltschutzes, insbesondere des Tier-, Natur- und Landschaftsschutzes.<\/strong><\/li>\n<\/ul>\n\n\n\n<p>Wir haben uns einer umfassenden Qualit\u00e4tspr\u00fcfung durch die FN unterzogen, sind seit April 2006 als gepr\u00fcfte Reit- und Voltigierschule FN anerkannt und sind berechtigt, uns als Betrieb f\u00fcr<\/p>\n\n\n\n<p><strong>fachgerechte Pferdehaltung<br>gepr\u00fcfte Reitschule*<br>gepr\u00fcfte Voltigierschule*<\/strong><\/p>\n\n\n\n<p>zu bezeichnen.<\/p>\n\n\n\n<p><\/p>\n","protected":false},"excerpt":{"rendered":"<p>Liebe Interessierte, die Satzung des Vereins (Stand: 25.05.2016) steht f\u00fcr Euch hier zum Download bereit. Satzung RVC Gutenberg Unsere Ziele: Wir haben uns einer umfassenden Qualit\u00e4tspr\u00fcfung durch die FN unterzogen, sind seit April 2006 als gepr\u00fcfte Reit- und Voltigierschule FN anerkannt und sind berechtigt, uns als Betrieb f\u00fcr fachgerechte Pferdehaltunggepr\u00fcfte Reitschule*gepr\u00fcfte Voltigierschule* zu bezeichnen.<\/p>\n","protected":false},"author":1,"featured_media":0,"parent":0,"menu_order":0,"comment_status":"closed","ping_status":"closed","template":"","meta":{"_uf_show_specific_survey":0,"_uf_disable_surveys":false,"footnotes":""},"class_list":["post-1952","page","type-page","status-publish","hentry"],"jetpack_sharing_enabled":true,"_links":{"self":[{"href":"https:\/\/www.rvcgutenberg.de\/home\/wp-json\/wp\/v2\/pages\/1952","targetHints":{"allow":["GET"]}}],"collection":[{"href":"https:\/\/www.rvcgutenberg.de\/home\/wp-json\/wp\/v2\/pages"}],"about":[{"href":"https:\/\/www.rvcgutenberg.de\/home\/wp-json\/wp\/v2\/types\/page"}],"author":[{"embeddable":true,"href":"https:\/\/www.rvcgutenberg.de\/home\/wp-json\/wp\/v2\/users\/1"}],"replies":[{"embeddable":true,"href":"https:\/\/www.rvcgutenberg.de\/home\/wp-json\/wp\/v2\/comments?post=1952"}],"version-history":[{"count":7,"href":"https:\/\/www.rvcgutenberg.de\/home\/wp-json\/wp\/v2\/pages\/1952\/revisions"}],"predecessor-version":[{"id":3209,"href":"https:\/\/www.rvcgutenberg.de\/home\/wp-json\/wp\/v2\/pages\/1952\/revisions\/3209"}],"wp:attachment":[{"href":"https:\/\/www.rvcgutenberg.de\/home\/wp-json\/wp\/v2\/media?parent=1952"}],"curies":[{"name":"wp","href":"https:\/\/api.w.org\/{rel}","templated":true}]}}